at is the highest common factor of 84 and z?
12
Let z be (-1)/((-25)/20 - -1). What is the highest common divisor of z and 532?
4
Suppose -v = 3, 5*j + v - 379 - 1113 = 0. What is the highest common divisor of 13 and j?
13
Let c = -145 - -151. Suppose -t + c*t - 15 = 0. Let u be 4/(-6) + (-22)/(-6). Calculate the highest common divisor of t and u.
3
Let j(t) = 2*t**2 - 5*t - 5. Let u be j(-4). Let y = u + -39. What is the highest common factor of 72 and y?
8
Let w(b) = 11*b + 169. Let l be w(5). Calculate the greatest common divisor of 32 and l.
32
Let b be 4/(3*2/12). Suppose -2 + 18 = b*m. Suppose -164 = -m*z + 178. What is the highest common divisor of z and 19?
19
Suppose 7*w + 60 - 200 = 0. Calculate the greatest common divisor of 8 and w.
4
Let d(c) = 139*c**2 - 6*c + 8. Let i be d(-2). Calculate the highest common divisor of 128 and i.
64
Let z(r) = -34*r - 50. Let v be z(-3). Calculate the greatest common divisor of v and 56.
4
Suppose 2*y = -4*y. Suppose 3*c = -y*c + 12. Let d(p) = 13*p**2 + 5*p + 4. Let t be d(c). Calculate the highest common factor of t and 29.
29
Let d(p) = -p + 5. Let q be d(-17). What is the greatest common divisor of q and 99?
11
Suppose -3*i = 6, -d + 0*d = -i + 30. Let j be 336/d*(-4)/6. Suppose -166 = -3*h - b, -b - 6 = 2*b. Calculate the greatest common divisor of h and j.
7
Suppose -n = 2*i + 3*i - 13, 5*i - 19 = -3*n. Let q(r) = 33*r**2 - 3*r. Let m be q(i). Calculate the greatest common factor of 18 and m.
18
Let v be (-60)/8*40/(-6). Let m be (-6)/(-15) - (1 + 159/(-15)). Calculate the greatest common factor of m and v.
10
Let t be (4 + 140/(-15))/((-2)/90). Suppose 5*r - 390 = t. What is the greatest common factor of r and 18?
18
Let i(u) = -u + 53. Let t be i(10). Suppose 5*n - 15 = 0, 2*q + 4*n - 47 = t. Calculate the greatest common factor of 3 and q.
3
Suppose -2*b + 75 = 5*a + 47, -2*a + 16 = 2*b. What is the greatest common factor of a and 36?
4
Suppose -4*b + 8*b + 2*n = 390, 0 = -2*n - 10. Calculate the highest common factor of 8 and b.
4
Let l(g) = 1 + 3*g**2 - 6*g**2 - 4 - 5*g**2 - g**3 - 7*g. Let n be l(-8). Let b = -38 + n. What is the greatest common factor of 120 and b?
15
Let v(x) = -4*x + 6. Let f be v(5). Let c be (-90)/(-21) + 4/f. Calculate the highest common factor of c and 16.
4
Suppose 5*c - 369 - 511 = 0. Suppose -5*m = -h - 152 - 288, 0 = -2*m - 5*h + c. What is the highest common divisor of m and 22?
22
Suppose 3*i = -3*g + 141, i - 145 = -47*g + 44*g. What is the highest common divisor of 7 and g?
7
Let t(a) = -3*a - 18. Let w be t(-6). Suppose w = 4*u - 6 - 2. Let i be 5 + 2 + (-1 - 0). Calculate the greatest common divisor of u and i.
2
Let k be 4/10 - (-1740)/25. Let y(w) = -w**3 + 38*w**2 + 78*w + 90. Let b be y(40). What is the highest common divisor of k and b?
10
Suppose 114*q = 3*s + 118*q - 40, 60 = 4*s + 2*q. Calculate the highest common factor of 1552 and s.
16
Let q = 1448 - 1407. Calculate the highest common factor of 1394 and q.
41
Suppose 0*y = 2*y - 288. Let k(c) = -c**2 - 6*c - 3. Let g be k(-5). Suppose 30 - 66 = -g*p. What is the highest common factor of y and p?
18
Let n(f) = 9*f + 1 - 8 - f**3 + 3 - 10*f**2. Let v be n(-11). Suppose 0 = -d + v - 12. What is the greatest common divisor of d and 9?
3
Let i(q) = q**2 - 6*q - 11. Let r = 3 + 6. Let l be i(r). Let n = l - -6. Calculate the highest common factor of n and 110.
22
Suppose 2*x = 2*c + 70 + 18, -220 = -5*x - 3*c. What is the greatest common factor of x and 990?
22
Suppose -4*d - 37 = 27. Let q = -28 - d. Let g be 12*3*q/(-24). What is the greatest common factor of g and 36?
18
Suppose 4*j + 10*j = 700. What is the highest common divisor of 50 and j?
50
Let g = 22 + -25. Let v be g/27 + (-1012)/(-36). Suppose 0 = -4*z + 51 + 5. Calculate the greatest common factor of v and z.
14
Suppose -3*d = 3 + 3. Let m(x) = 25*x**2 - 1. Let a be m(d). Let g(k) = k**2 + 8*k + 16. Let t be g(-7). Calculate the highest common divisor of a and t.
9
Let o(d) = -d + 44. Let l be o(22). Let t be l + -10 - (1 + 0). What is the highest common divisor of t and 11?
11
Suppose 15 = -3*d, -26*w + 23*w = d + 2. What is the greatest common divisor of w and 110?
1
Suppose 4 = -4*x, 2*u - 5*x = 8 + 11. Calculate the highest common factor of u and 56.
7
Suppose 5*m = -3*c - c + 94, 0 = -5*c - 4*m + 113. Calculate the highest common factor of 3507 and c.
21
Let r = 27 + -25. Suppose r*v - 105 = -v. Suppose -4*b + 3*t + 97 = 0, t + 2*t - v = -2*b. Calculate the highest common factor of 55 and b.
11
Let z = 1029 + -532. Calculate the highest common factor of z and 71.
71
Let v = 15 + 104. Suppose -v = -6*o + 25. What is the greatest common divisor of o and 72?
24
Suppose 2*c = 3*c + 9. Let l(t) = -3*t**2 - 5*t**2 + 4*t**2 - 10*t + 3*t**2. Let u be l(c). What is the greatest common divisor of u and 99?
9
Suppose 2*a - 34 = 3*m, -34 = -4*a - m + 6. What is the highest common factor of 792 and a?
11
Suppose -2*r = -5*w + 93, -5*w + 4*r + 26 = -75. Let v be ((-68)/(-12))/(1/3). What is the greatest common factor of v and w?
17
Suppose 29*m + 1246 = 31*m + 2*t, -4*m = t - 2495. Calculate the highest common divisor of 78 and m.
78
Let b = 346 + -274. Calculate the greatest common factor of 18 and b.
18
Let a(r) = -r**3 - 4*r**2 - r. Let o be a(-4). Suppose 0 = o*w - 13 - 47. Calculate the greatest common divisor of w and 3.
3
Let a be (-1)/(-3)*6*3/6. Let y(p) = -p**2 - 7*p - 5. Let d be y(-5). What is the greatest common factor of a and d?
1
Suppose -863*a = -855*a - 512. Calculate the highest common divisor of 1024 and a.
64
Suppose 4*p - 3*p + 4822 = 3*r, -r + p + 1610 = 0. Calculate the highest common divisor of r and 292.
146
Suppose 2*c - 2*a = 142, -157 = -2*c + a + 4*a. Calculate the greatest common divisor of 33 and c.
33
Let p(c) = -12*c - 1. Let u be p(-1). Suppose 0 = -7*v + v + 726. Calculate the highest common factor of v and u.
11
Let i = -74 - -38. Let o be (i/(-2))/(2/(-12)). Let k = o - -196. What is the highest common factor of 8 and k?
8
Suppose d + 34 - 209 = 5*a, 5*d - 35 = a. Let r = a + 42. What is the greatest common divisor of 49 and r?
7
Let j be (-6)/10 - (-1533)/105. Let z = 278 - j. What is the greatest common divisor of z and 33?
33
Let u(j) = -29*j**3 + 4*j**2 + 8*j + 13. Let n be u(-3). Calculate the highest common divisor of n and 505.
101
Let c be (2/2)/((-1)/(-21)). Suppose -29 = -16*q + 83. What is the highest common divisor of c and q?
7
Suppose 2*i + 4*q + 28 = 0, 2*q - q = -4. Let z be 1*-9*10/i. Suppose -30 = -3*v + z. What is the highest common factor of v and 105?
15
Let d be (-85)/102 + (-4810)/(-12). What is the greatest common factor of 24 and d?
8
Let m be -27 + 15 + (-696)/(-3). Calculate the greatest common divisor of 352 and m.
44
Let l(p) be the second derivative of p**3/6 - p**2 + 6*p. Let k be l(13). Calculate the highest common factor of k and 1.
1
Let q(u) = 2*u - 20. Suppose -c - 2*v + 8 = -0*v, -4*v - 82 = -5*c. Let a be q(c). Suppose -3*d + 25 = -a. What is the greatest common factor of d and 88?
11
Let p be ((-20)/100)/((-2)/310*1). Calculate the highest common divisor of 775 and p.
31
Let l = -21 - -27. Let k be l - 3 - (0 + 1). Let t be k - (-10)/1 - -3. Calculate the highest common divisor of t and 15.
15
Let m = 302 + -284. Calculate the highest common divisor of 36 and m.
18
Let v be 78 + -24 + 0 + -9. What is the greatest common factor of v and 171?
9
Suppose -3*y = 2*x - 5, y = 5*x - 67 + 12. Let i(r) = 3*r**3 + 2*r**2 + 4*r - 1. Let d be i(3). What is the highest common factor of d and x?
10
Suppose -10*z + 8*z = -102. What is the greatest common divisor of z and 204?
51
Let k be (-5)/(1 + 9/(-6)). Let q be (-8)/4 - (-11 - 1). What is the greatest common factor of q and k?
10
Suppose 0*f + 2*f = z + 282, 0 = -5*f + z + 711. Calculate the greatest common divisor of f and 13.
13
Let q(m) = 7*m + 0 - 9*m + 10*m**2 - 2. Let r be q(5). What is the greatest common factor of r and 34?
34
Let i(d) = -5*d - 5. Let r(k) = -2*k + 8. Let u be r(6). Let y be i(u). Calculate the greatest common divisor of y and 5.
5
Let j(y) = y**2 + 21*y - 5. Let o be j(-19). Let p = -31 - o. What is the highest common factor of 4 and p?
4
Let t be 60/2*(-5)/(-1). Suppose -2*o + v = -t, 2*v + 40 - 2